{"id":18978,"date":"2025-05-14T09:23:04","date_gmt":"2025-05-14T07:23:04","guid":{"rendered":"https:\/\/omh.belgrade.dev\/hotel\/hotel-draga-di-lovrana-2\/"},"modified":"2026-04-25T05:03:24","modified_gmt":"2026-04-25T03:03:24","slug":"hotel-draga-di-lovrana","status":"publish","type":"hotel","link":"https:\/\/omh.belgrade.dev\/de\/hotel\/hotel-draga-di-lovrana\/","title":{"rendered":"Hotel Draga di Lovrana"},"content":{"rendered":"<p>Inmitten \u00fcppiger H\u00fcgel im Naturpark U\u010dka empf\u00e4ngt Sie auf einer H\u00f6he von 388 m \u00fcber dem Meeresspiegel das Hotel Draga di Lovrana mit einer atemberaubenden Aussicht auf den beliebten Strand Medveja und die Inseln Krk und Cres. Freuen Sie sich auf ein stilvolles Restaurant, das Sie mit frischen Meeresfr\u00fcchten und istrischer K\u00fcche verw\u00f6hnt.<\/p>\n<p>Das Hotel wurde im Jahre 1909 von dem Wiener Unternehmer Anton Ulm erbaut und hat schon zahlreiche, aristokratische G\u00e4ste beherbergt, unter anderem Kaiser Franz Joseph von \u00d6sterreich-Ungarn. Fast 80 Jahre sp\u00e4ter wurde es unter Erhaltung der urspr\u00fcnglichen Struktur und der romantischen Atmosph\u00e4re wieder aufgebaut.<\/p>\n<p>Die klimatisierten Zimmer sind elegant eingerichtet und verf\u00fcgen \u00fcber kostenfreien Internetzugang (LAN). Jedes ist mit einem Flachbild-Sat-TV, einem Sitzbereich und einem modernen Bad ausgestattet. Badem\u00e4ntel, Hausschuhe und Pflegeprodukte liegen ebenfalls f\u00fcr Sie bereit.<\/p>\n<p>Freuen Sie sich in diesem 4-Sterne-Hotel auf eine sonnige Terrasse mit herrlichem Blick auf die Adria. Auf Anfrage steht Ihnen auch ein Zimmerservice zur Verf\u00fcgung.<\/p>\n<p>Das Hotel Draga ist nur 10 m von einer Bushaltestelle des Nahverkehrs entfernt. Zum Strand gelangen Sie nach 7,5 km. Die Privatparkpl\u00e4tze am Hotel nutzen Sie kostenfrei.<\/p>\n","protected":false},"excerpt":{"rendered":"<p>Inmitten \u00fcppiger H\u00fcgel im Naturpark U\u010dka empf\u00e4ngt Sie auf einer H\u00f6he von 388 m \u00fcber dem Meeresspiegel das Hotel Draga di Lovrana mit einer atemberaubenden Aussicht auf den beliebten Strand Medveja und die Inseln Krk und Cres. Freuen Sie sich auf ein stilvolles Restaurant, das Sie mit frischen Meeresfr\u00fcchten und istrischer K\u00fcche verw\u00f6hnt. Das Hotel [&hellip;]<\/p>\n","protected":false},"author":0,"featured_media":2200,"menu_order":0,"template":"","meta":{"_acf_changed":false,"footnotes":""},"city":[1170],"region":[1148],"facilities":[149,150,152,153,154,155,157,158,163,164,165,168,170,171],"categories":[273,276,270],"class_list":["post-18978","hotel","type-hotel","status-publish","has-post-thumbnail","hentry","city-lovranska-draga","region-kvarner-and-highlands","facilities-bar","facilities-tv","facilities-internet","facilities-parking","facilities-air","facilities-fitness","facilities-sattv","facilities-phone","facilities-sauna","facilities-lcousine","facilities-localing","facilities-internetcorner","facilities-cafe","facilities-minibar","categories-wellnesshotel","categories-heritagehotel","categories-gourmethotel"],"acf":[],"yoast_head":"<!-- This site is optimized with the Yoast SEO plugin v25.1 - https:\/\/yoast.com\/wordpress\/plugins\/seo\/ -->\n<title>Hotel Draga di Lovrana | OMH<\/title>\n<meta name=\"robots\" content=\"noindex, follow, max-snippet:-1, max-image-preview:large, max-video-preview:-1\" \/>\n<meta property=\"og:locale\" content=\"de_DE\" \/>\n<meta property=\"og:type\" content=\"article\" \/>\n<meta property=\"og:title\" content=\"Hotel Draga di Lovrana | OMH\" \/>\n<meta property=\"og:description\" content=\"Inmitten \u00fcppiger H\u00fcgel im Naturpark U\u010dka empf\u00e4ngt Sie auf einer H\u00f6he von 388 m \u00fcber dem Meeresspiegel das Hotel Draga di Lovrana mit einer atemberaubenden Aussicht auf den beliebten Strand Medveja und die Inseln Krk und Cres. Freuen Sie sich auf ein stilvolles Restaurant, das Sie mit frischen Meeresfr\u00fcchten und istrischer K\u00fcche verw\u00f6hnt. Das Hotel [&hellip;]\" \/>\n<meta property=\"og:url\" content=\"https:\/\/omh.belgrade.dev\/de\/hotel\/hotel-draga-di-lovrana\/\" \/>\n<meta property=\"og:site_name\" content=\"OMH\" \/>\n<meta property=\"article:modified_time\" content=\"2026-04-25T03:03:24+00:00\" \/>\n<meta property=\"og:image\" content=\"https:\/\/omh.belgrade.dev\/wp-content\/uploads\/2025\/04\/33671x3_257958334.jpg\" \/>\n\t<meta property=\"og:image:width\" content=\"1440\" \/>\n\t<meta property=\"og:image:height\" content=\"1440\" \/>\n\t<meta property=\"og:image:type\" content=\"image\/jpeg\" \/>\n<meta name=\"twitter:card\" content=\"summary_large_image\" \/>\n<meta name=\"twitter:label1\" content=\"Gesch\u00e4tzte Lesezeit\" \/>\n\t<meta name=\"twitter:data1\" content=\"1\u00a0Minute\" \/>\n<script type=\"application\/ld+json\" class=\"yoast-schema-graph\">{\"@context\":\"https:\/\/schema.org\",\"@graph\":[{\"@type\":\"WebPage\",\"@id\":\"https:\/\/omh.belgrade.dev\/de\/hotel\/hotel-draga-di-lovrana\/\",\"url\":\"https:\/\/omh.belgrade.dev\/de\/hotel\/hotel-draga-di-lovrana\/\",\"name\":\"Hotel Draga di Lovrana | OMH\",\"isPartOf\":{\"@id\":\"https:\/\/omh.belgrade.dev\/#website\"},\"primaryImageOfPage\":{\"@id\":\"https:\/\/omh.belgrade.dev\/de\/hotel\/hotel-draga-di-lovrana\/#primaryimage\"},\"image\":{\"@id\":\"https:\/\/omh.belgrade.dev\/de\/hotel\/hotel-draga-di-lovrana\/#primaryimage\"},\"thumbnailUrl\":\"https:\/\/omh.belgrade.dev\/wp-content\/uploads\/2025\/04\/33671x3_257958334.jpg\",\"datePublished\":\"2025-05-14T07:23:04+00:00\",\"dateModified\":\"2026-04-25T03:03:24+00:00\",\"breadcrumb\":{\"@id\":\"https:\/\/omh.belgrade.dev\/de\/hotel\/hotel-draga-di-lovrana\/#breadcrumb\"},\"inLanguage\":\"de\",\"potentialAction\":[{\"@type\":\"ReadAction\",\"target\":[\"https:\/\/omh.belgrade.dev\/de\/hotel\/hotel-draga-di-lovrana\/\"]}]},{\"@type\":\"ImageObject\",\"inLanguage\":\"de\",\"@id\":\"https:\/\/omh.belgrade.dev\/de\/hotel\/hotel-draga-di-lovrana\/#primaryimage\",\"url\":\"https:\/\/omh.belgrade.dev\/wp-content\/uploads\/2025\/04\/33671x3_257958334.jpg\",\"contentUrl\":\"https:\/\/omh.belgrade.dev\/wp-content\/uploads\/2025\/04\/33671x3_257958334.jpg\",\"width\":1440,\"height\":1440},{\"@type\":\"BreadcrumbList\",\"@id\":\"https:\/\/omh.belgrade.dev\/de\/hotel\/hotel-draga-di-lovrana\/#breadcrumb\",\"itemListElement\":[{\"@type\":\"ListItem\",\"position\":1,\"name\":\"Home\",\"item\":\"https:\/\/omh.belgrade.dev\/\"},{\"@type\":\"ListItem\",\"position\":2,\"name\":\"Hotels\",\"item\":\"https:\/\/omh.belgrade.dev\/hoteli\/\"},{\"@type\":\"ListItem\",\"position\":3,\"name\":\"Hotel Draga di Lovrana\"}]},{\"@type\":\"WebSite\",\"@id\":\"https:\/\/omh.belgrade.dev\/#website\",\"url\":\"https:\/\/omh.belgrade.dev\/\",\"name\":\"OMH\",\"description\":\"Obiteljski i mali hoteli\",\"publisher\":{\"@id\":\"https:\/\/omh.belgrade.dev\/#organization\"},\"potentialAction\":[{\"@type\":\"SearchAction\",\"target\":{\"@type\":\"EntryPoint\",\"urlTemplate\":\"https:\/\/omh.belgrade.dev\/?s={search_term_string}\"},\"query-input\":{\"@type\":\"PropertyValueSpecification\",\"valueRequired\":true,\"valueName\":\"search_term_string\"}}],\"inLanguage\":\"de\"},{\"@type\":\"Organization\",\"@id\":\"https:\/\/omh.belgrade.dev\/#organization\",\"name\":\"OMH\",\"url\":\"https:\/\/omh.belgrade.dev\/\",\"logo\":{\"@type\":\"ImageObject\",\"inLanguage\":\"de\",\"@id\":\"https:\/\/omh.belgrade.dev\/#\/schema\/logo\/image\/\",\"url\":\"https:\/\/omh.belgrade.dev\/wp-content\/uploads\/2025\/04\/logo_1.png\",\"contentUrl\":\"https:\/\/omh.belgrade.dev\/wp-content\/uploads\/2025\/04\/logo_1.png\",\"width\":512,\"height\":85,\"caption\":\"OMH\"},\"image\":{\"@id\":\"https:\/\/omh.belgrade.dev\/#\/schema\/logo\/image\/\"}}]}<\/script>\n<!-- \/ Yoast SEO plugin. -->","yoast_head_json":{"title":"Hotel Draga di Lovrana | OMH","robots":{"index":"noindex","follow":"follow","max-snippet":"max-snippet:-1","max-image-preview":"max-image-preview:large","max-video-preview":"max-video-preview:-1"},"og_locale":"de_DE","og_type":"article","og_title":"Hotel Draga di Lovrana | OMH","og_description":"Inmitten \u00fcppiger H\u00fcgel im Naturpark U\u010dka empf\u00e4ngt Sie auf einer H\u00f6he von 388 m \u00fcber dem Meeresspiegel das Hotel Draga di Lovrana mit einer atemberaubenden Aussicht auf den beliebten Strand Medveja und die Inseln Krk und Cres. Freuen Sie sich auf ein stilvolles Restaurant, das Sie mit frischen Meeresfr\u00fcchten und istrischer K\u00fcche verw\u00f6hnt. Das Hotel [&hellip;]","og_url":"https:\/\/omh.belgrade.dev\/de\/hotel\/hotel-draga-di-lovrana\/","og_site_name":"OMH","article_modified_time":"2026-04-25T03:03:24+00:00","og_image":[{"width":1440,"height":1440,"url":"https:\/\/omh.belgrade.dev\/wp-content\/uploads\/2025\/04\/33671x3_257958334.jpg","type":"image\/jpeg"}],"twitter_card":"summary_large_image","twitter_misc":{"Gesch\u00e4tzte Lesezeit":"1\u00a0Minute"},"schema":{"@context":"https:\/\/schema.org","@graph":[{"@type":"WebPage","@id":"https:\/\/omh.belgrade.dev\/de\/hotel\/hotel-draga-di-lovrana\/","url":"https:\/\/omh.belgrade.dev\/de\/hotel\/hotel-draga-di-lovrana\/","name":"Hotel Draga di Lovrana | OMH","isPartOf":{"@id":"https:\/\/omh.belgrade.dev\/#website"},"primaryImageOfPage":{"@id":"https:\/\/omh.belgrade.dev\/de\/hotel\/hotel-draga-di-lovrana\/#primaryimage"},"image":{"@id":"https:\/\/omh.belgrade.dev\/de\/hotel\/hotel-draga-di-lovrana\/#primaryimage"},"thumbnailUrl":"https:\/\/omh.belgrade.dev\/wp-content\/uploads\/2025\/04\/33671x3_257958334.jpg","datePublished":"2025-05-14T07:23:04+00:00","dateModified":"2026-04-25T03:03:24+00:00","breadcrumb":{"@id":"https:\/\/omh.belgrade.dev\/de\/hotel\/hotel-draga-di-lovrana\/#breadcrumb"},"inLanguage":"de","potentialAction":[{"@type":"ReadAction","target":["https:\/\/omh.belgrade.dev\/de\/hotel\/hotel-draga-di-lovrana\/"]}]},{"@type":"ImageObject","inLanguage":"de","@id":"https:\/\/omh.belgrade.dev\/de\/hotel\/hotel-draga-di-lovrana\/#primaryimage","url":"https:\/\/omh.belgrade.dev\/wp-content\/uploads\/2025\/04\/33671x3_257958334.jpg","contentUrl":"https:\/\/omh.belgrade.dev\/wp-content\/uploads\/2025\/04\/33671x3_257958334.jpg","width":1440,"height":1440},{"@type":"BreadcrumbList","@id":"https:\/\/omh.belgrade.dev\/de\/hotel\/hotel-draga-di-lovrana\/#breadcrumb","itemListElement":[{"@type":"ListItem","position":1,"name":"Home","item":"https:\/\/omh.belgrade.dev\/"},{"@type":"ListItem","position":2,"name":"Hotels","item":"https:\/\/omh.belgrade.dev\/hoteli\/"},{"@type":"ListItem","position":3,"name":"Hotel Draga di Lovrana"}]},{"@type":"WebSite","@id":"https:\/\/omh.belgrade.dev\/#website","url":"https:\/\/omh.belgrade.dev\/","name":"OMH","description":"Obiteljski i mali hoteli","publisher":{"@id":"https:\/\/omh.belgrade.dev\/#organization"},"potentialAction":[{"@type":"SearchAction","target":{"@type":"EntryPoint","urlTemplate":"https:\/\/omh.belgrade.dev\/?s={search_term_string}"},"query-input":{"@type":"PropertyValueSpecification","valueRequired":true,"valueName":"search_term_string"}}],"inLanguage":"de"},{"@type":"Organization","@id":"https:\/\/omh.belgrade.dev\/#organization","name":"OMH","url":"https:\/\/omh.belgrade.dev\/","logo":{"@type":"ImageObject","inLanguage":"de","@id":"https:\/\/omh.belgrade.dev\/#\/schema\/logo\/image\/","url":"https:\/\/omh.belgrade.dev\/wp-content\/uploads\/2025\/04\/logo_1.png","contentUrl":"https:\/\/omh.belgrade.dev\/wp-content\/uploads\/2025\/04\/logo_1.png","width":512,"height":85,"caption":"OMH"},"image":{"@id":"https:\/\/omh.belgrade.dev\/#\/schema\/logo\/image\/"}}]}},"_links":{"self":[{"href":"https:\/\/omh.belgrade.dev\/de\/wp-json\/wp\/v2\/hotel\/18978","targetHints":{"allow":["GET"]}}],"collection":[{"href":"https:\/\/omh.belgrade.dev\/de\/wp-json\/wp\/v2\/hotel"}],"about":[{"href":"https:\/\/omh.belgrade.dev\/de\/wp-json\/wp\/v2\/types\/hotel"}],"version-history":[{"count":1,"href":"https:\/\/omh.belgrade.dev\/de\/wp-json\/wp\/v2\/hotel\/18978\/revisions"}],"predecessor-version":[{"id":19820,"href":"https:\/\/omh.belgrade.dev\/de\/wp-json\/wp\/v2\/hotel\/18978\/revisions\/19820"}],"wp:featuredmedia":[{"embeddable":true,"href":"https:\/\/omh.belgrade.dev\/de\/wp-json\/wp\/v2\/media\/2200"}],"wp:attachment":[{"href":"https:\/\/omh.belgrade.dev\/de\/wp-json\/wp\/v2\/media?parent=18978"}],"wp:term":[{"taxonomy":"city","embeddable":true,"href":"https:\/\/omh.belgrade.dev\/de\/wp-json\/wp\/v2\/city?post=18978"},{"taxonomy":"region","embeddable":true,"href":"https:\/\/omh.belgrade.dev\/de\/wp-json\/wp\/v2\/region?post=18978"},{"taxonomy":"facilities","embeddable":true,"href":"https:\/\/omh.belgrade.dev\/de\/wp-json\/wp\/v2\/facilities?post=18978"},{"taxonomy":"categories","embeddable":true,"href":"https:\/\/omh.belgrade.dev\/de\/wp-json\/wp\/v2\/categories?post=18978"}],"curies":[{"name":"wp","href":"https:\/\/api.w.org\/{rel}","templated":true}]}}

<p>Inmitten üppiger Hügel im Naturpark Učka empfängt Sie auf einer Höhe von 388 m über dem Meeresspiegel das Hotel Draga di Lovrana mit einer atemberaubenden Aussicht auf den beliebten Strand Medveja und die Inseln Krk und Cres. Freuen Sie sich auf ein stilvolles Restaurant, das Sie mit frischen Meeresfrüchten und istrischer Küche verwöhnt.</p>
<p>Das Hotel wurde im Jahre 1909 von dem Wiener Unternehmer Anton Ulm erbaut und hat schon zahlreiche, aristokratische Gäste beherbergt, unter anderem Kaiser Franz Joseph von Österreich-Ungarn. Fast 80 Jahre später wurde es unter Erhaltung der ursprünglichen Struktur und der romantischen Atmosphäre wieder aufgebaut.</p>
<p>Die klimatisierten Zimmer sind elegant eingerichtet und verfügen über kostenfreien Internetzugang (LAN). Jedes ist mit einem Flachbild-Sat-TV, einem Sitzbereich und einem modernen Bad ausgestattet. Bademäntel, Hausschuhe und Pflegeprodukte liegen ebenfalls für Sie bereit.</p>
<p>Freuen Sie sich in diesem 4-Sterne-Hotel auf eine sonnige Terrasse mit herrlichem Blick auf die Adria. Auf Anfrage steht Ihnen auch ein Zimmerservice zur Verfügung.</p>
<p>Das Hotel Draga ist nur 10 m von einer Bushaltestelle des Nahverkehrs entfernt. Zum Strand gelangen Sie nach 7,5 km. Die Privatparkplätze am Hotel nutzen Sie kostenfrei.</p>

<p>Inmitten üppiger Hügel im Naturpark Učka empfängt Sie auf einer Höhe von 388 m über dem Meeresspiegel das Hotel Draga di Lovrana mit einer atemberaubenden Aussicht auf den beliebten Strand Medveja und die Inseln Krk und Cres. Freuen Sie sich auf ein stilvolles Restaurant, das Sie mit frischen Meeresfrüchten und istrischer Küche verwöhnt. Das Hotel [&hellip;]</p>

<!-- This site is optimized with the Yoast SEO plugin v25.1 - https://yoast.com/wordpress/plugins/seo/ -->
<title>Hotel Draga di Lovrana | OMH</title>
<meta name="robots" content="noindex, follow, max-snippet:-1, max-image-preview:large, max-video-preview:-1" />
<meta property="og:locale" content="de_DE" />
<meta property="og:type" content="article" />
<meta property="og:title" content="Hotel Draga di Lovrana | OMH" />
<meta property="og:description" content="Inmitten üppiger Hügel im Naturpark Učka empfängt Sie auf einer Höhe von 388 m über dem Meeresspiegel das Hotel Draga di Lovrana mit einer atemberaubenden Aussicht auf den beliebten Strand Medveja und die Inseln Krk und Cres. Freuen Sie sich auf ein stilvolles Restaurant, das Sie mit frischen Meeresfrüchten und istrischer Küche verwöhnt. Das Hotel [&hellip;]" />
<meta property="og:url" content="https://omh.belgrade.dev/de/hotel/hotel-draga-di-lovrana/" />
<meta property="og:site_name" content="OMH" />
<meta property="article:modified_time" content="2026-04-25T03:03:24+00:00" />
<meta property="og:image" content="https://omh.belgrade.dev/wp-content/uploads/2025/04/33671x3_257958334.jpg" />
	<meta property="og:image:width" content="1440" />
	<meta property="og:image:height" content="1440" />
	<meta property="og:image:type" content="image/jpeg" />
<meta name="twitter:card" content="summary_large_image" />
<meta name="twitter:label1" content="Geschätzte Lesezeit" />
	<meta name="twitter:data1" content="1 Minute" />
<script type="application/ld+json" class="yoast-schema-graph">{"@context":"https://schema.org","@graph":[{"@type":"WebPage","@id":"https://omh.belgrade.dev/de/hotel/hotel-draga-di-lovrana/","url":"https://omh.belgrade.dev/de/hotel/hotel-draga-di-lovrana/","name":"Hotel Draga di Lovrana | OMH","isPartOf":{"@id":"https://omh.belgrade.dev/#website"},"primaryImageOfPage":{"@id":"https://omh.belgrade.dev/de/hotel/hotel-draga-di-lovrana/#primaryimage"},"image":{"@id":"https://omh.belgrade.dev/de/hotel/hotel-draga-di-lovrana/#primaryimage"},"thumbnailUrl":"https://omh.belgrade.dev/wp-content/uploads/2025/04/33671x3_257958334.jpg","datePublished":"2025-05-14T07:23:04+00:00","dateModified":"2026-04-25T03:03:24+00:00","breadcrumb":{"@id":"https://omh.belgrade.dev/de/hotel/hotel-draga-di-lovrana/#breadcrumb"},"inLanguage":"de","potentialAction":[{"@type":"ReadAction","target":["https://omh.belgrade.dev/de/hotel/hotel-draga-di-lovrana/"]}]},{"@type":"ImageObject","inLanguage":"de","@id":"https://omh.belgrade.dev/de/hotel/hotel-draga-di-lovrana/#primaryimage","url":"https://omh.belgrade.dev/wp-content/uploads/2025/04/33671x3_257958334.jpg","contentUrl":"https://omh.belgrade.dev/wp-content/uploads/2025/04/33671x3_257958334.jpg","width":1440,"height":1440},{"@type":"BreadcrumbList","@id":"https://omh.belgrade.dev/de/hotel/hotel-draga-di-lovrana/#breadcrumb","itemListElement":[{"@type":"ListItem","position":1,"name":"Home","item":"https://omh.belgrade.dev/"},{"@type":"ListItem","position":2,"name":"Hotels","item":"https://omh.belgrade.dev/hoteli/"},{"@type":"ListItem","position":3,"name":"Hotel Draga di Lovrana"}]},{"@type":"WebSite","@id":"https://omh.belgrade.dev/#website","url":"https://omh.belgrade.dev/","name":"OMH","description":"Obiteljski i mali hoteli","publisher":{"@id":"https://omh.belgrade.dev/#organization"},"potentialAction":[{"@type":"SearchAction","target":{"@type":"EntryPoint","urlTemplate":"https://omh.belgrade.dev/?s={search_term_string}"},"query-input":{"@type":"PropertyValueSpecification","valueRequired":true,"valueName":"search_term_string"}}],"inLanguage":"de"},{"@type":"Organization","@id":"https://omh.belgrade.dev/#organization","name":"OMH","url":"https://omh.belgrade.dev/","logo":{"@type":"ImageObject","inLanguage":"de","@id":"https://omh.belgrade.dev/#/schema/logo/image/","url":"https://omh.belgrade.dev/wp-content/uploads/2025/04/logo_1.png","contentUrl":"https://omh.belgrade.dev/wp-content/uploads/2025/04/logo_1.png","width":512,"height":85,"caption":"OMH"},"image":{"@id":"https://omh.belgrade.dev/#/schema/logo/image/"}}]}</script>
<!-- / Yoast SEO plugin. -->

Inmitten üppiger Hügel im Naturpark Učka empfängt Sie auf einer Höhe von 388 m über dem Meeresspiegel das Hotel Draga di Lovrana mit einer atemberaubenden Aussicht auf den beliebten Strand Medveja und die Inseln Krk und Cres. Freuen Sie sich auf ein stilvolles Restaurant, das Sie mit frischen Meeresfrüchten und istrischer Küche verwöhnt. Das Hotel [&hellip;]
